What is the tens digit of -3 - 8*(-1 - g)?
1
What is the units digit of (-14 - (2 - 1))*-1?
5
Let v(o) = -o**2 - 13*o - 8. What is the units digit of v(-10)?
2
Suppose 18*c = 17*c + 89. What is the units digit of c?
9
Suppose 3*s + 0*s = -o + 341, -s - 3*o + 103 = 0. What is the units digit of s?
5
Suppose v - 40 = -3*x, 0 = 2*v + 2*x - 55 - 13. What is the units digit of v?
1
What is the hundreds digit of 1 + 194 + 2/(-2) + 4?
1
Suppose 0 = -5*q - 4*t, t + 3 = 3*q - 14. Suppose -s + 2*s + n + q = 0, n + 4 = s. Suppose 4*c - 3*c - 7 = s. What is the units digit of c?
7
Suppose -5*h - m = 23, -2*h - 5*m = -0*h. Let f(p) = -p - 4. What is the units digit of f(h)?
1
What is the tens digit of 4/(-6)*261/(-6)?
2
What is the units digit of 12/(-9) + (-1936)/(-12)?
0
Suppose 120 = 2*r - 6*r. What is the units digit of 1/(-6) - 755/r?
5
Suppose 3*u + 163 = 4*f + 30, -3*f = -2*u - 100. What is the units digit of f?
4
Suppose 2*g + 5*b - 2 = 0, 8 = 3*g + 3*b - 4. Let i = g + -2. Suppose -i*y = -16 - 4. What is the units digit of y?
5
Suppose 0*b - 6*b + 1254 = 0. What is the tens digit of b?
0
Let d(u) = u**3 - 4*u**2 + 4*u - 3. Let g be d(2). What is the tens digit of 72/g*4/(-6)?
1
Suppose -3*j + 5*j - 6 = 0. Let c be ((-6)/(-4))/(j/4). Suppose 5*p = 4*n + 87, 2*p - n - 27 = -c*n. What is the tens digit of p?
1
Let v be 2/(1 - -1) - 1. Suppose 3 = 2*o - 1. Suppose 2*c - 5*j + 2*j - 19 = v, c + 8 = -o*j. What is the units digit of c?
2
Let v(w) = 7*w - 1. What is the units digit of v(5)?
4
Let j(u) = 14*u**3 + 2*u**2 - 1. Suppose 25 = 5*d - 4*n, 2*d - 2*n = -n + 7. What is the units digit of j(d)?
5
Suppose 12 = 3*s + 3*n, -5*s + 2*n + 27 = -0*s. Let d(c) = -c**2 + 7*c - 3. Let v be d(s). What is the units digit of (4/(-14))/((-1)/v)?
2
Let w(p) = p**2 - 4*p + 18. What is the tens digit of w(7)?
3
Let f = -47 + 97. What is the units digit of f?
0
Let d(a) = -13*a - 2. Let k be d(-4). Suppose k = -2*j + 7*j. What is the units digit of j?
0
Suppose -5 = 5*t - 5*c, 4*c + 7 = -2*t + 17. What is the units digit of 3 + t/2*0?
3
What is the tens digit of 11*-9*(-1)/3?
3
Suppose 5*k = 5*h + 35, 0 = 5*h + k + 2*k + 35. Suppose -13 = x - 8. Let b = x - h. What is the units digit of b?
2
Suppose f = -2*y + 13, 2*f + 3*y - 39 = -f. What is the tens digit of f?
1
Suppose 0 = j - 6*j - 3*g + 154, -5*j - 4*g + 152 = 0. What is the units digit of j?
2
Suppose 63*y - 66*y = -60. What is the units digit of y?
0
Let f = 1 - -1. Let o = 2 + f. Suppose o*p + 3 = 23. What is the units digit of p?
5
Let t be ((-8)/(-10))/(1/5). Suppose 27 = t*n + b, n - 24 = -2*n - 2*b. What is the units digit of n + (-7)/(21/(-6))?
8
Let p(d) be the first derivative of d**4/2 - 4*d**3/3 - 3*d + 40. Let k be 1/(2/12*2). What is the tens digit of p(k)?
1
Let u be 4/(-6)*9/(-2). Suppose 0 = 2*j + u*n + 1, 6*j - 2*j = -2*n + 18. What is the units digit of j?
7
What is the tens digit of (-220)/(-14) + 8/28?
1
Suppose -18 = -2*p - 2. Suppose 4*u + 4*r = 60, -2*u + 4*r + 0*r = 0. Suppose p = -5*j + 4*t + 18, -5*j + u = t. What is the units digit of j?
2
Let a(w) = w**3 + 7*w**2 + 7*w + 4. What is the units digit of a(-4)?
4
Suppose 4*v + 29 = 5*v. What is the units digit of v?
9
Suppose 2*x + 4*i - 47 - 257 = 0, 4*x + 3*i - 583 = 0. What is the hundreds digit of x?
1
Let p(w) = w**2 + 14*w + 15. Let k be p(-13). Suppose 0 = 2*j + 6, -k*v + 3*j = -3*v - 7. What is the units digit of v?
2
Let h be (-6)/(-18) - (-59)/3. Suppose -h + 95 = 3*m. What is the tens digit of m?
2
Let t(a) = -6*a - 4. Let p(g) = -7*g - 5. Let o(w) = 4*p(w) - 5*t(w). Suppose 4*j - 16 = 0, 8*m - 12 = 3*m + 2*j. What is the units digit of o(m)?
8
Let l(q) = -5*q - 3. Let b be l(-5). Suppose 5*h - 190 = 6*x - x, 2*x + 184 = 5*h. Let y = h - b. What is the units digit of y?
4
Let i(h) = 14*h + 8. What is the units digit of i(5)?
8
Suppose -2*x = -0*x + g - 52, 3*g = -x + 16. What is the tens digit of x?
2
Let r(b) = -9*b**2 - 4*b - 3. Let j be r(-2). Let t = 69 + j. What is the units digit of t?
8
Suppose -2*d = 5*w - w + 2, 5*d + w = 13. Suppose -3*r = d*u - 7*r - 146, r + 232 = 5*u. What is the tens digit of u?
4
Let q(t) = 21*t**2 - 1. Let v be 2/5 - 9/(-15). What is the tens digit of q(v)?
2
Let f(x) = -x**3 - 6*x**2 - 5*x + 4. Let q be f(-5). Suppose -q*l - l = -5*u - 120, -5*u - 130 = -3*l. Let c = -14 - u. What is the units digit of c?
5
Let g(v) = -3*v - 9. Let t be (0 - 2) + (-6)/2. What is the units digit of g(t)?
6
Let g = 46 - -124. Suppose 5*r + 0*r + a - 208 = 0, 0 = -4*r - 2*a + g. What is the units digit of r?
1
Let s be (-2)/5 - 2808/(-20). What is the units digit of 2/9 - s/(-18)?
8
Let a(v) = -22*v - 36. What is the tens digit of a(-6)?
9
Suppose b + l + 1 - 5 = 0, -b + 2*l + 19 = 0. Suppose 0*x = -5*u + 3*x + 14, -2*x = -3*u + b. Suppose u = n - 14. What is the units digit of n?
5
Suppose 5*a - 66 = -1. Let f = -3 + a. What is the units digit of f?
0
Let d(o) = -o**2 + 5*o + 2. Let y be (-54)/(-10) - (-2)/(-5). Let k be d(y). Suppose 0 = 3*v + 3*x - 12, 5*v + 7 = 2*x + k*x. What is the units digit of v?
1
Let c(x) = 5*x**3 + 2*x**2 - 3*x + 5. What is the tens digit of c(3)?
4
Suppose -12 = -a - 2. Suppose i - q - a = 0, 3*q - 10 = -2*q. What is the units digit of i?
2
Suppose -5*v = j - 11, 2 - 1 = v - j. Suppose -3 = q + 2*l, 22 = v*q + l - 4*l. What is the units digit of -2 + q + (-1 - -2)?
4
Let w(r) = r - 2. Let m be w(-3). Let p(s) = s**3 + 4*s**2 - 5*s + 5. What is the units digit of p(m)?
5
Suppose -9*f + 1204 = 304. What is the units digit of f?
0
Let t(n) = n**3 - 12*n**2 - 13*n + 10. What is the tens digit of t(13)?
1
Let l be (1 - -2) + -2 + 1. Suppose -2*v + v = -4, t + l*v = 50. What is the units digit of t?
2
Let h(d) = 0*d**3 + d**3 + 6*d - 17*d + 7 - 6*d**2. Let c be h(7). Let k = -8 - c. What is the units digit of k?
3
Let f be ((-12)/8)/(12/(-16)). Suppose -f*d + 52 = 4. What is the units digit of d?
4
Suppose 5*j - 12 = 13. Suppose 0 = -j*q - 0*t + 2*t + 150, -4*t = -20. What is the units digit of q?
2
Suppose -w + 3*v = 4*v - 7, 5*v = -10. What is the units digit of w?
9
Let b(t) = t**3 + 2*t**2 + 2*t + 1. Let w be b(-1). Let j(n) = -n**2 + 3. What is the units digit of j(w)?
3
Let q = 22 + -11. Suppose -d + 0*d = -2*c + q, 5*c - 17 = -d. Suppose -c*i - 8 = 2*z + 2*z, 5*i = -3*z. What is the units digit of i?
3
Let b(z) = z**2 + 1. Let l be b(3). Suppose -20 = 4*v - 8*v. Suppose 3*q + 10 + 2 = -5*j, 5*q + v*j + l = 0. What is the units digit of q?
1
Let t(n) = -n**2 + 9*n + 8. Let f be t(9). Let z = -5 + f. What is the units digit of z?
3
Suppose 1 = -4*a + 9. Let b = a + 0. Suppose 0 = -5*d - b*w + 49, -5*d + 18 = -4*w - 19. What is the units digit of d?
9
Suppose -4*d = -3*j + d + 144, -j + 2*d = -47. What is the units digit of j?
3
Let f(q) = 2*q**2 + 15*q - 12. Let h(i) = -3*i**2 - 29*i + 24. Let v(a) = -5*f(a) - 3*h(a). What is the units digit of v(9)?
5
Suppose 2*x - 4*x = -42. What is the tens digit of x?
2
Suppose 0 = 5*r + k + 131 - 399, -9 = -3*k. What is the units digit of r?
3
Let q(c) = -2*c - 1. Let z(i) = -2*i + 3. Let h be z(-3). Let w be 6/h + (-17)/3. What is the units digit of q(w)?
9
Let m = 7 + 5. Suppose -8 = -2*h + m. What is the units digit of h?
0
Let m = -247 + -203. What is the tens digit of (4/(-10))/(9/m)?
2
Let c be 39/(-15) + 4/(-10). Let j = c + 7. Suppose -j = -2*q + 4. What is the units digit of q?
4
Let u = 2 + -15. Let p = 19 + u. What is the units digit of p?
6
Let c be (-11 - -11)*(-2)/4. Suppose p + 16 - 56 = c. What is the tens digit of p?
4
Suppose -1 = -z + 1. Suppose -b = -z*b + 2*h + 8, -4*b - 3*h = -10. What is the units digit of (15/6)/(2/b)?
5
Suppose 0 = -2*x - 0. Let t(l) = -l**3 + 6*l**2 + 2*l - 8. Let i be t(6). Suppose i*g + 0*g - 52 = x. What is the tens digit of g?
1
Suppose -7 = -2*m + 21. Let o = m + -13. What is the units digit of o?
1
Suppose 4*k + 4 = 0, f - 2*f - 2*k + 1 = 0. Suppose 0 = d + f*d. Suppose d = -4*q + 1 + 23. What is the units digit of q?
6
Let o be 5/30 + (-11)/(-6). What is the units digit of o/5 - 152/(-20)?
8
Suppose -m = -5*y - 19, -5*y = -m - y + 16. Suppose 5*u - u + m*w - 28 = 0, 5*u - 27 = 3*w. Let s = u - -3. What is the units digit of s?
9
Let a(v) = -v**2 - 6*v - 4. Let t be a(-4). Suppose t*i - 147 =